 3?
True
Is 39761 a multiple of 188?
False
Does 9 divide 8836?
False
Is 405 a multiple of 15?
True
Is 9006 a multiple of 19?
True
Is 16959 a multiple of 29?
False
Is 29622 a multiple of 9?
False
Is 205983 a multiple of 27?
True
Does 12 divide 703?
False
Does 39 divide 858?
True
Is 40587 a multiple of 19?
False
Is 12 a factor of 352?
False
Is 21228 a multiple of 11?
False
Is 20255 a multiple of 9?
False
Is 529 a multiple of 40?
False
Does 4 divide 102?
False
Is 16 a factor of 78170?
False
Is 116616 a multiple of 156?
False
Does 20 divide 11160?
True
Is 1180 a multiple of 14?
False
Is 34 a factor of 3162?
True
Is 864 a multiple of 48?
True
Does 78 divide 702?
True
Does 38 divide 25411?
False
Is 21 a factor of 473?
False
Is 128 a multiple of 2?
True
Is 13 a factor of 445?
False
Is 5144 a multiple of 9?
False
Is 1695 a multiple of 15?
True
Does 238 divide 51506?
False
Is 9 a factor of 23644?
False
Is 6 a factor of 8754?
True
Does 49 divide 1489?
False
Is 1016 even?
True
Is 6 a factor of 38?
False
Does 67 divide 2479?
True
Is 29 a factor of 232?
True
Is 1112 a multiple of 4?
True
Does 14 divide 37422?
True
Is 1233 a multiple of 7?
False
Is 62 a factor of 12214?
True
Does 38 divide 167?
False
Is 4 a factor of 3208?
True
Is 125 a factor of 31875?
True
Does 7 divide 1948?
False
Is 5 a factor of 235?
True
Does 42 divide 711?
False
Does 11 divide 252?
False
Is 152 a multiple of 5?
False
Is 69 a factor of 792?
False
Is 313 a factor of 80441?
True
Is 41307 a multiple of 281?
True
Is 20 a factor of 3420?
True
Does 13 divide 3846?
False
Does 11 divide 1311?
False
Is 4950 a multiple of 33?
True
Is 4966 a multiple of 26?
True
Is 17 a factor of 1545?
False
Is 15 a factor of 690?
True
Is 2 a factor of 16?
True
Is 175 a factor of 7537?
False
Does 11 divide 313?
False
Does 77 divide 55986?
False
Does 45 divide 12818?
False
Is 16690 a multiple of 29?
False
Does 2 divide 36?
True
Is 5 a factor of 373?
False
Is 270 a multiple of 6?
True
Is 344 a factor of 107306?
False
Does 17 divide 1360?
True
Is 10 a factor of 20710?
True
Is 5319 a multiple of 152?
False
Is 595 a multiple of 7?
True
Is 45275 a multiple of 56?
False
Is 43 a factor of 24732?
False
Does 58 divide 3886?
True
Does 27 divide 15821?
False
Is 35 a factor of 370?
False
Does 6 divide 3590?
False
Is 4 a factor of 2290?
False
Is 400 a multiple of 10?
True
Is 15 a factor of 915?
True
Is 29848 a multiple of 14?
True
Does 22 divide 3454?
True
Is 200 a factor of 5200?
True
Does 22 divide 1368?
False
Does 12 divide 2584?
False
Is 21 a factor of 189?
True
Is 113 a factor of 5537?
True
Does 95 divide 547?
False
Is 21 a factor of 379?
False
Does 4 divide 35?
False
Does 192 divide 39038?
False
Does 12 divide 624?
True
Is 4528 a multiple of 65?
False
Does 20 divide 120?
True
Is 13 a factor of 4537?
True
Is 1474 a multiple of 12?
False
Is 38 a factor of 55584?
False
Is 18 a factor of 344?
False
Is 122 a factor of 2928?
True
Does 217 divide 91618?
False
Does 22 divide 922?
False
Is 41 a factor of 1653?
False
Does 42 divide 50526?
True
Is 79 a factor of 3373?
False
Does 11 divide 506?
True
Is 87400 a multiple of 15?
False
Does 158 divide 47400?
True
Is 29898 a multiple of 8?
False
Does 11 divide 7473?
False
Is 1683 a multiple of 33?
True
Is 83 a factor of 8334?
False
Does 42 divide 52531?
False
Is 3020 a multiple of 17?
False
Is 85 a factor of 2047?
False
Is 18 a factor of 4266?
True
Is 29757 a multiple of 91?
True
Is 6 a factor of 619?
False
Does 83 divide 8197?
False
Is 1990 a multiple of 33?
False
Is 52353 a multiple of 44?
False
Is 64 a factor of 30400?
True
Is 280 a factor of 21840?
True
Is 4 a factor of 717?
False
Does 10 divide 327?
False
Is 375 a multiple of 7?
False
Is 2 a factor of 89?
False
Is 19 a factor of 4509?
False
Is 113 a factor of 3051?
True
Does 13 divide 5918?
False
Is 3359 a multiple of 19?
False
Does 2 divide 53?
False
Is 126 a multiple of 72?
False
Is 515 a multiple of 20?
False
Is 807 a multiple of 5?
False
Is 54 a multiple of 18?
True
Does 13 divide 39?
True
Does 70 divide 2144?
False
Does 56 divide 14134?
False
Does 12 divide 769?
False
Is 6882 a multiple of 31?
True
Is 125350 a multiple of 50?
True
Is 6 a factor of 4662?
True
Is 1773 a multiple of 31?
False
Does 11 divide 31460?
True
Does 16 divide 6928?
True
Is 31424 a multiple of 64?
True
Is 3459 a multiple of 98?
False
Is 644 a multiple of 23?
True
Does 13 divide 31039?
False
Is 5 a factor of 733?
False
Is 147 a factor of 2352?
True
Is 327 a multiple of 22?
False
Does 12 divide 257?
False
Is 23730 a multiple of 13?
False
Is 7 a factor of 5019?
True
Does 58 divide 14616?
True
Is 2093 a multiple of 23?
True
Does 201 divide 4768?
False
Is 47 a factor of 1316?
True
Does 9 divide 133442?
False
Is 110 a factor of 19331?
False
Does 136 divide 11968?
True
Is 75 a factor of 21075?
True
Does 13 divide 2704?
True
Is 45 a factor of 2610?
True
Does 58 divide 22738?
False
Does 39 divide 2184?
True
Does 47 divide 79759?
True
Is 36 a factor of 2700?
True
Does 2 divide 118?
True
Is 1100 a multiple of 44?
True
Does 6 divide 1572?
True
Does 23 divide 4201?
False
Is 41 a factor of 1435?
True
Does 7 divide 6787?
False
Is 116 even?
True
Does 7 divide 14?
True
Does 4 divide 156?
True
Is 5750 even?
True
Is 841 a multiple of 25?
False
Is 254 a factor of 6350?
True
Does 27 divide 208?
False
Does 4 divide 968?
True
Is 19 a factor of 1463?
True
Does 162 divide 9072?
True
Does 13 divide 87?
False
Is 3432 a multiple of 8?
True
Is 24 a factor of 2847?
False
Does 13 divide 1053?
True
Is 637 a multiple of 49?
True
Does 8 divide 56?
True
Is 13280 a multiple of 111?
False
Is 82 a multiple of 66?
False
Is 111 a multiple of 2?
False
Is 64458 a multiple of 18?
True
Is 160 a multiple of 16?
True
Does 15 divide 12120?
True
Is 1932 a multiple of 23?
True
Is 469 a multiple of 12?
False
Is 70 a factor of 210?
True
Is 48 a factor of 2047?
False
Is 10323 a multiple of 93?
True
Does 164 divide 19037?
False
Is 11 a factor of 361?
False
Is 39277 a multiple of 51?
False
Does 6 divide 576?
True
Is 11735 a multiple of 67?
False
Is 1972 a multiple of 15?
False
Is 1286 a multiple of 4?
False
Does 16 divide 23542?
False
Is 40 a factor of 12960?
True
Is 934 a multiple of 26?
False
Is 169223 a multiple of 15?
False
Is 40 a factor of 1699?
False
Is 11 a factor of 30261?
True
Is 30753 a multiple of 67?
True
Is 42761 a multiple of 56?
False
Is 12 a factor of 3043?
False
Does 161 divide 11465?
False
Is 7 a factor of 3402?
True
Is 1179 a multiple of 14?
False
Is 9 a factor of 28239?
False
Is 3 a factor of 2227?
False
Is 10599 a multiple of 94?
False
Is 29 a factor of 580?
True
Does 6 divide 7350?
True
Is 6 a factor of 158?
False
Does 50 divide 500?
True
Is 7595 a multiple of 155?
True
Is 58 a factor of 986?
True
Does 6 divide 3223?
False
Does 90 divide 9900?
True
Is 41 a factor of 4141?
True
Is 15840 a multiple of 165?
True
Does 21 divide 9282?
True
Is 2492 a multiple of 20?
False
Does 22 divide 1811?
False
Is 8835 a multiple of 53?
False
Is 19 a factor of 15107?
False
Is 3 a factor of 105?
True
Is 771 a multiple of 10?
False
Is 11 a factor of 363?
True
Is 41 a factor of 17676?
False
Is 2 a factor of 33?
False
Is 202 a multiple of 53?
False
Is 42 a factor of 934?
False
Is 30 a factor of 180?
True
Does 124 divide 25785?
False
Is 828 a multiple of 29?
False
Is 34 a factor of 977?
False
Does 88 divide 264?
True
Is 47 a factor of 470?
True
Is 4 a factor of 2578?
False
Is 7 a factor of 2005?
False
Is 80 a factor of 560?
True
Does 7 divide 1274?
True
Is 5 a factor of 26428?
False
Is 11 a factor of 15725?
False
Does 21 divide 57536?
False
Is 3 a factor of 7041?
True
Is 12 a factor of 857?
False
Is 4652 a multiple of 10?
False
Is 105 a factor of 11865?
True
Is 40 a factor of 568?
False
Is 16 a factor of 5639?
False
Is 28416 a multiple of 6?
True
Is 16227 a multiple of 189?
False
Is 7321 a multiple of 15?
False
Does 27 divide 1320?
False
Does 258 divide 35346?
True
Does 12 divide 30494?
False
Is 54 a factor of 1446?
False
Is 9632 a multiple of 13?
False
Is 229 a multiple of 2?
False
Is 12 a factor of 2676?
True
Is 5028 a multiple of 2?
True
Is 144 a multiple of 16?
True
Is 43 a factor of 39044?
True
Does 19 divide 260?
False
Does 23 divide 2783?
True
Is 7 a factor of 617?
False
Does 31 divide 20026?
True
